{"id":35,"date":"2025-12-08T16:41:01","date_gmt":"2025-12-08T15:41:01","guid":{"rendered":"https:\/\/kulturstrudel.de\/?page_id=35"},"modified":"2025-12-19T11:58:32","modified_gmt":"2025-12-19T10:58:32","slug":"selbstverstaendnis","status":"publish","type":"page","link":"https:\/\/kulturstrudel.de\/?page_id=35","title":{"rendered":"Selbstverst\u00e4ndnis"},"content":{"rendered":"\n<p><strong>Einleitung<\/strong><\/p>\n\n\n\n<p>Seit 2022 gibt es den Kulturstrudel Freiberg e. V. Bereits seit 2015 bestand die Idee, einen Verein und einen Ort f\u00fcr gemeinsame Aktivit\u00e4ten in der Region zu gr\u00fcnden. Diese Idee wurde zun\u00e4chst von Aktivist*innengruppen vorangetrieben und Ende 2017 von einer neuen Gruppe erneut aufgegriffen. Wir m\u00f6chten eine Alternative zu den bestehenden lokalen Strukturen schaffen. Unser Ort soll f\u00fcr verschiedene kulturelle Angebote genutzt werden, darunter politische Bildung durch Filme und Vortr\u00e4ge, Musikveranstaltungen, sportliche Aktivit\u00e4ten sowie weitere Formen der Beteiligung von Menschen aus unterschiedlichen Hintergr\u00fcnden. Unser Wirkungsbereich umfasst die Stadt Freiberg und die umliegende Region. Wir m\u00f6chten aktiv dazu beitragen, dass alle Menschen \u2013 unabh\u00e4ngig von ihren finanziellen M\u00f6glichkeiten, ihrer Zugeh\u00f6rigkeit zu Minderheiten oder ihrem Interesse an alternativer Kultur \u2013 an unserem Projekt teilhaben k\u00f6nnen.<\/p>\n\n\n\n<p><strong>Ziel<\/strong><\/p>\n\n\n\n<p>Unser zentrales Ziel ist es, Alternativen zu bestehenden gesellschaftlichen Strukturen zu schaffen. Dabei steht die Selbstentfaltung der Teilnehmer*innen im Mittelpunkt. Um Alternativen anbieten zu k\u00f6nnen, setzen wir uns kritisch mit gesellschaftlichen Problemen auseinander und suchen gemeinsam nach L\u00f6sungen. Wir m\u00f6chten Menschen ermutigen, Dinge selbst auszuprobieren und aktiv zu gestalten, und uns von einer reinen Konsumkultur hin zu einer demokratischen Gesellschaft bewegen, in der auch Fehler gemacht werden d\u00fcrfen. Unsere Werte sind Respekt, Solidarit\u00e4t und politische Teilhabe. Jede Person soll ihre individuellen Erfahrungen und F\u00e4higkeiten einbringen k\u00f6nnen. Dazu geh\u00f6rt auch, Geschlechterrollen sowie rassistische und andere diskriminierende Vorurteile zu reflektieren. Solidarit\u00e4t ist ein zentraler Bestandteil unseres Projekts und zeigt sich in nicht-kommerziellen Angeboten sowie in niedrigschwelligen M\u00f6glichkeiten zur Beteiligung. Wir verstehen uns als ein Projekt, das sich kontinuierlich weiterentwickelt, selbstkritisch bleibt und offen f\u00fcr Verbesserungen ist.<\/p>\n\n\n\n<p>Wir m\u00f6chten unsere Ideen in die Gesellschaft tragen und \u00fcberholte Denkmuster \u00fcberwinden. Politisches Engagement, Vernetzung und Selbstverwirklichung sind dabei wesentliche Elemente. Unser Ziel ist es, eine dauerhafte Arbeit zu erm\u00f6glichen, auch wenn einzelne Menschen im Laufe der Zeit in gr\u00f6\u00dfere St\u00e4dte ziehen. Dies gelingt, indem wir unsere Visionen aktiv leben und unsere Ideen nach au\u00dfen sichtbar machen.<\/p>\n\n\n\n<p><strong>Mission<\/strong><\/p>\n\n\n\n<p>Wir m\u00f6chten einen Raum schaffen, in dem wir unsere Visionen gemeinsam umsetzen k\u00f6nnen. Menschen, die unsere Werte teilen, sollen die M\u00f6glichkeit haben, sich zu beteiligen. Dazu organisieren wir Treffen zu unterschiedlichen Themen, kulturelle sowie bildungspolitische Veranstaltungen und regelm\u00e4\u00dfige offene Treffen f\u00fcr alle, die sich in einem diskriminierungsfreien Raum austauschen und vernetzen m\u00f6chten. Wir wollen Erfahrungen teilen, voneinander lernen und offen f\u00fcr Ver\u00e4nderungen bleiben. Gegenseitige Anerkennung und ein unterst\u00fctzendes Miteinander sind grundlegende Prinzipien unserer Arbeit. Wichtig ist uns, f\u00fcr alle Interessierten sichtbar und ansprechbar zu sein, beispielsweise \u00fcber eine Website und Social Media. Eine sichere und respektvolle Umgebung ist dabei essenziell, damit sich alle wohl und gesch\u00fctzt f\u00fchlen k\u00f6nnen.<\/p>\n\n\n\n<p><strong>Prinzipien<\/strong><\/p>\n\n\n\n<p>Als Kulturstrudel Freiberg e. V. setzen wir uns f\u00fcr eine gerechte und diskriminierungsfreie Gesellschaft ein und m\u00f6chten Menschen einen Schutzraum bieten \u2013 unabh\u00e4ngig von Alter, Identit\u00e4t, sexueller Orientierung oder Herkunft. Wir lehnen jede Form von Diskriminierung ab und versuchen, unterdr\u00fcckende Denkmuster kritisch zu hinterfragen und zu \u00fcberwinden.<\/p>\n","protected":false},"excerpt":{"rendered":"<p>Einleitung Seit 2022 gibt es den Kulturstrudel Freiberg e. V. Bereits seit 2015 bestand die Idee, einen Verein und einen Ort f\u00fcr gemeinsame Aktivit\u00e4ten in der Region zu gr\u00fcnden. Diese Idee wurde zun\u00e4chst von Aktivist*innengruppen vorangetrieben und Ende 2017 von einer neuen Gruppe erneut aufgegriffen. Wir m\u00f6chten eine Alternative zu den bestehenden lokalen Strukturen schaffen. [&hellip;]<\/p>\n","protected":false},"author":2,"featured_media":0,"parent":0,"menu_order":0,"comment_status":"closed","ping_status":"closed","template":"","meta":{"footnotes":""},"class_list":["post-35","page","type-page","status-publish","czr-hentry"],"_links":{"self":[{"href":"https:\/\/kulturstrudel.de\/index.php?rest_route=\/wp\/v2\/pages\/35","targetHints":{"allow":["GET"]}}],"collection":[{"href":"https:\/\/kulturstrudel.de\/index.php?rest_route=\/wp\/v2\/pages"}],"about":[{"href":"https:\/\/kulturstrudel.de\/index.php?rest_route=\/wp\/v2\/types\/page"}],"author":[{"embeddable":true,"href":"https:\/\/kulturstrudel.de\/index.php?rest_route=\/wp\/v2\/users\/2"}],"replies":[{"embeddable":true,"href":"https:\/\/kulturstrudel.de\/index.php?rest_route=%2Fwp%2Fv2%2Fcomments&post=35"}],"version-history":[{"count":2,"href":"https:\/\/kulturstrudel.de\/index.php?rest_route=\/wp\/v2\/pages\/35\/revisions"}],"predecessor-version":[{"id":79,"href":"https:\/\/kulturstrudel.de\/index.php?rest_route=\/wp\/v2\/pages\/35\/revisions\/79"}],"wp:attachment":[{"href":"https:\/\/kulturstrudel.de\/index.php?rest_route=%2Fwp%2Fv2%2Fmedia&parent=35"}],"curies":[{"name":"wp","href":"https:\/\/api.w.org\/{rel}","templated":true}]}}